{"id":678,"date":"2024-08-29T16:24:59","date_gmt":"2024-08-29T21:24:59","guid":{"rendered":"https:\/\/powertech.com.co\/Blog\/?p=678"},"modified":"2025-05-17T14:09:36","modified_gmt":"2025-05-17T19:09:36","slug":"alquiler-de-computadores-cali","status":"publish","type":"page","link":"https:\/\/powertech.com.co\/Blog\/alquiler-de-computadores-cali\/","title":{"rendered":"Alquiler de computadores cali"},"content":{"rendered":"\n<div class=\"wp-block-group alignfull is-layout-constrained wp-container-core-group-is-layout-669513ed wp-block-group-is-layout-constrained\" style=\"margin-top:0;margin-bottom:0;padding-top:var(--wp--preset--spacing--50);padding-right:var(--wp--preset--spacing--50);padding-bottom:var(--wp--preset--spacing--50);padding-left:var(--wp--preset--spacing--50)\">\n<div class=\"wp-block-columns alignwide is-layout-flex wp-container-core-columns-is-layout-1da03c2a wp-block-columns-is-layout-flex\">\n<div class=\"wp-block-column is-vertically-aligned-stretch is-layout-flow wp-block-column-is-layout-flow\" style=\"flex-basis:50%\">\n<div class=\"wp-block-group is-vertical is-content-justification-stretch is-layout-flex wp-container-core-group-is-layout-444d5ee8 wp-block-group-is-layout-flex\" style=\"min-height:100%\">\n<p class=\"has-heading-font-family has-x-large-font-size\" style=\"line-height:1.2\">L\u00edderes en Alquiler de computadores Cali<\/p>\n\n\n\n<p class=\"has-heading-font-family has-large-font-size\" style=\"line-height:1.2\">Ofrecemos servicios de&nbsp;<a href=\"https:\/\/powertech.com.co\/hq\/servicios-5\" data-type=\"link\" data-id=\"https:\/\/powertech.com.co\/hq\/servicios-5\">alquiler de computadores<\/a>&nbsp;en Cali con una variedad de dispositivos de escritorio para satisfacer las necesidades tecnol\u00f3gicas actuales de su negocio.<\/p>\n\n\n\n<div class=\"wp-block-group is-content-justification-left is-layout-constrained wp-container-core-group-is-layout-9fe8ed88 wp-block-group-is-layout-constrained\">\n<p class=\"wp-container-content-0733e5d0\">Dejando una huella indeleble en el paisaje del ma\u00f1ana.<\/p>\n\n\n\n<div class=\"wp-block-buttons is-layout-flex wp-block-buttons-is-layout-flex\">\n<div class=\"wp-block-button\"><a class=\"wp-block-button__link has-background wp-element-button\" href=\"https:\/\/powertech.com.co\/Blog\/quienes-somos\/\" style=\"background-color:#24b9d7\">Acerca de nosotros<\/a><\/div>\n<\/div>\n<\/div>\n<\/div>\n<\/div>\n\n\n\n<div class=\"wp-block-column is-layout-flow wp-block-column-is-layout-flow\"><\/div>\n\n\n\n<div class=\"wp-block-column is-vertically-aligned-center is-layout-flow wp-block-column-is-layout-flow\" style=\"flex-basis:50%\"><\/div>\n<\/div>\n<\/div>\n\n\n\n<div class=\"wp-block-group alignfull has-accent-5-background-color has-background is-layout-constrained wp-container-core-group-is-layout-d89aad35 wp-block-group-is-layout-constrained\" style=\"margin-top:0;margin-bottom:0;padding-top:var(--wp--preset--spacing--50);padding-right:var(--wp--preset--spacing--50);padding-bottom:var(--wp--preset--spacing--50);padding-left:var(--wp--preset--spacing--50)\">\n<div class=\"wp-block-columns alignwide is-layout-flex wp-container-core-columns-is-layout-1da03c2a wp-block-columns-is-layout-flex\">\n<div class=\"wp-block-column is-vertically-aligned-center is-layout-flow wp-block-column-is-layout-flow\" style=\"flex-basis:60%\">\n<figure class=\"wp-block-image size-full is-resized\"><img loading=\"lazy\" decoding=\"async\" width=\"380\" height=\"253\" src=\"https:\/\/powertech.com.co\/Blog\/wp-content\/uploads\/2024\/08\/2d39349f45949b737cfc339913ee1a980870da96_ALQUILER-DE-PORTATILES-edited.jpg\" alt=\"alquiler de computadores\" class=\"wp-image-683\" style=\"width:428px\" srcset=\"https:\/\/powertech.com.co\/Blog\/wp-content\/uploads\/2024\/08\/2d39349f45949b737cfc339913ee1a980870da96_ALQUILER-DE-PORTATILES-edited.jpg 380w, https:\/\/powertech.com.co\/Blog\/wp-content\/uploads\/2024\/08\/2d39349f45949b737cfc339913ee1a980870da96_ALQUILER-DE-PORTATILES-edited-300x200.jpg 300w\" sizes=\"auto, (max-width: 380px) 100vw, 380px\" \/><\/figure>\n<\/div>\n\n\n\n<div class=\"wp-block-column is-layout-flow wp-block-column-is-layout-flow\" style=\"flex-basis:40%\">\n<h2 class=\"wp-block-heading\">La mejor opci\u00f3n para Alquiler de computadoras Cali con beneficios garantizados<\/h2>\n\n\n\n<p>Todos nuestros equipos de c\u00f3mputo est\u00e1n respaldados por nuestra marca, garant\u00eda de servicio y soporte t\u00e9cnico correctivo ilimitado.<\/p>\n\n\n\n<p>Adem\u00e1s, ofrecemos diversas opciones de alquiler a corto, medio y largo plazo seg\u00fan las necesidades y presupuesto de cualquier empresa.<\/p>\n\n\n\n<p><strong>Al contratar obtienes beneficios como:<\/strong><\/p>\n\n\n\n<ul class=\"wp-block-list\">\n<li class=\"has-small-font-size\">Transporte<\/li>\n\n\n\n<li class=\"has-small-font-size\">instalacion<\/li>\n\n\n\n<li class=\"has-small-font-size\">Mantenimiento<\/li>\n\n\n\n<li class=\"has-small-font-size\">soporte tecnico<\/li>\n\n\n\n<li class=\"has-small-font-size\">asistencia remota<\/li>\n<\/ul>\n\n\n\n<div class=\"wp-block-buttons is-layout-flex wp-block-buttons-is-layout-flex\">\n<div class=\"wp-block-button\"><a class=\"wp-block-button__link has-background wp-element-button\" href=\"https:\/\/powertech.com.co\/hq\/servicios-5\" style=\"background-color:#24b9d7\">Nuestros servicios<\/a><\/div>\n<\/div>\n<\/div>\n<\/div>\n<\/div>\n\n\n\n<div class=\"wp-block-group alignfull is-layout-constrained wp-container-core-group-is-layout-d89aad35 wp-block-group-is-layout-constrained\" style=\"margin-top:0;margin-bottom:0;padding-top:var(--wp--preset--spacing--50);padding-right:var(--wp--preset--spacing--50);padding-bottom:var(--wp--preset--spacing--50);padding-left:var(--wp--preset--spacing--50)\">\n<div class=\"wp-block-columns alignwide is-layout-flex wp-container-core-columns-is-layout-549b0c86 wp-block-columns-is-layout-flex\">\n<div class=\"wp-block-column is-layout-flow wp-container-core-column-is-layout-119bc444 wp-block-column-is-layout-flow\" style=\"flex-basis:60%\">\n<p class=\"has-heading-font-family has-x-large-font-size\" style=\"line-height:1.2\">El alquiler de computadores en Cali es una alternativa ideal para empresas que desean optimizar su presupuesto<\/p>\n\n\n\n<div class=\"wp-block-columns is-layout-flex wp-container-core-columns-is-layout-87beb0d0 wp-block-columns-is-layout-flex\">\n<div class=\"wp-block-column is-layout-flow wp-block-column-is-layout-flow\">\n<p class=\"wp-container-content-9cfa9a5a\">Para el alquiler computadores Cali incluimos soporte t\u00e9cnico y consultor\u00eda para garantizar su correcto funcionamiento durante todo el per\u00edodo de alquiler.<\/p>\n<\/div>\n\n\n\n<div class=\"wp-block-column has-base-background-color has-background is-layout-flow wp-block-column-is-layout-flow\">\n<p>En powertech tecnologia, las empresas pueden aprovechar el alquiler de computadores de escritorio con pantalla desde 20&#8243; de forma f\u00e1cil, r\u00e1pida y segura.<\/p>\n<\/div>\n<\/div>\n<\/div>\n\n\n\n<div class=\"wp-block-column is-content-justification-left is-layout-constrained wp-container-core-column-is-layout-4f15e8fe wp-block-column-is-layout-constrained\" style=\"flex-basis:40%\">\n<figure class=\"wp-block-image size-full is-resized\"><img loading=\"lazy\" decoding=\"async\" width=\"1000\" height=\"668\" src=\"https:\/\/powertech.com.co\/Blog\/wp-content\/uploads\/2022\/10\/computer-engineer-holds-pc-motherboard-network-equipment-maintenance-it-manager-his-workplace-professional-business-security.jpg\" alt=\"servicios de alquiler ti\" class=\"wp-image-110\" style=\"width:428px;height:auto\" srcset=\"https:\/\/powertech.com.co\/Blog\/wp-content\/uploads\/2022\/10\/computer-engineer-holds-pc-motherboard-network-equipment-maintenance-it-manager-his-workplace-professional-business-security.jpg 1000w, https:\/\/powertech.com.co\/Blog\/wp-content\/uploads\/2022\/10\/computer-engineer-holds-pc-motherboard-network-equipment-maintenance-it-manager-his-workplace-professional-business-security-300x200.jpg 300w, https:\/\/powertech.com.co\/Blog\/wp-content\/uploads\/2022\/10\/computer-engineer-holds-pc-motherboard-network-equipment-maintenance-it-manager-his-workplace-professional-business-security-768x513.jpg 768w, https:\/\/powertech.com.co\/Blog\/wp-content\/uploads\/2022\/10\/computer-engineer-holds-pc-motherboard-network-equipment-maintenance-it-manager-his-workplace-professional-business-security-400x267.jpg 400w\" sizes=\"auto, (max-width: 1000px) 100vw, 1000px\" \/><\/figure>\n<\/div>\n<\/div>\n<\/div>\n\n\n\n<div class=\"wp-block-group alignfull has-accent-5-background-color has-background is-layout-constrained wp-container-core-group-is-layout-669513ed wp-block-group-is-layout-constrained\" style=\"margin-top:0;margin-bottom:0;padding-top:var(--wp--preset--spacing--50);padding-right:var(--wp--preset--spacing--50);padding-bottom:var(--wp--preset--spacing--50);padding-left:var(--wp--preset--spacing--50)\">\n<div class=\"wp-block-group is-vertical is-content-justification-center is-layout-flex wp-container-core-group-is-layout-ce155fab wp-block-group-is-layout-flex\">\n<h2 class=\"wp-block-heading has-text-align-center has-xx-large-font-size\">Ventajas del alquiler de computadores Cali para empresas con powertech tecnologia s.a.s<\/h2>\n\n\n\n<p class=\"has-text-align-center\">Nos especializamos en alquiler de equipos de computo Cali,&nbsp;<strong>brindando soluciones a&nbsp;<\/strong>domicilio con nuestro servicio de alquiler de computadores en Cali.<\/p>\n<\/div>\n\n\n\n<div style=\"height:var(--wp--preset--spacing--30)\" aria-hidden=\"true\" class=\"wp-block-spacer\"><\/div>\n\n\n\n<div class=\"wp-block-columns alignwide is-layout-flex wp-container-core-columns-is-layout-4935966c wp-block-columns-is-layout-flex\" style=\"padding-right:0;padding-left:0\">\n<div class=\"wp-block-column is-layout-flow wp-block-column-is-layout-flow\">\n\n\n<div class=\"wp-block-group is-vertical is-content-justification-center is-nowrap is-layout-flex wp-container-core-group-is-layout-21d4e958 wp-block-group-is-layout-flex\">\n<p class=\"has-text-align-center has-small-font-size\"><strong>Soporte y Mantenimiento<\/strong><\/p>\n\n\n\n<p class=\"has-text-align-center has-small-font-size\">Soporte t\u00e9cnico especializado en sitio\/remoto y mantenimiento preventivo incluido dentro del servicio.<\/p>\n<\/div>\n<\/div>\n\n\n\n<div class=\"wp-block-column has-base-background-color has-background is-layout-flow wp-block-column-is-layout-flow\">\n\n\n<div class=\"wp-block-group is-vertical is-content-justification-center is-nowrap is-layout-flex wp-container-core-group-is-layout-63bfd6c1 wp-block-group-is-layout-flex\">\n<p class=\"has-text-align-center has-small-font-size\"><strong>\u00daltima Tecnolog\u00eda<\/strong><\/p>\n\n\n\n<p class=\"has-text-align-center has-small-font-size\">Siempre tendr\u00e1s acceso a la \u00faltima tecnolog\u00eda del mercado. Renueva en cualquier momento tu infraestructura tecnol\u00f3gica TIC, a las versiones m\u00e1s recientes<\/p>\n<\/div>\n<\/div>\n\n\n\n<div class=\"wp-block-column is-layout-flow wp-block-column-is-layout-flow\">\n\n\n<div class=\"wp-block-group is-vertical is-content-justification-center is-nowrap is-layout-flex wp-container-core-group-is-layout-63bfd6c1 wp-block-group-is-layout-flex\">\n<p class=\"has-text-align-center has-small-font-size\"><strong>Legalidad<\/strong><\/p>\n\n\n\n<p class=\"has-text-align-center has-small-font-size\">Evita los costos asociados a depreciaciones, repotenciaciones, actualizaciones peri\u00f3dicas, mantenimientos preventivos y soporte correctivo.<\/p>\n<\/div>\n<\/div>\n<\/div>\n\n\n\n<div class=\"wp-block-columns alignwide is-layout-flex wp-container-core-columns-is-layout-4935966c wp-block-columns-is-layout-flex\" style=\"padding-right:0;padding-left:0\">\n<div class=\"wp-block-column is-layout-flow wp-block-column-is-layout-flow\">\n\n\n<div class=\"wp-block-group is-vertical is-content-justification-center is-nowrap is-layout-flex wp-container-core-group-is-layout-21d4e958 wp-block-group-is-layout-flex\">\n<p class=\"has-text-align-center has-small-font-size\"><strong>Flexibilidad<\/strong><\/p>\n\n\n\n<p class=\"has-text-align-center has-small-font-size\">Soluciones flexibles en tiempo y tarifa de acuerdo a las necesidades variables de tu empresa.<\/p>\n<\/div>\n<\/div>\n\n\n\n<div class=\"wp-block-column has-base-background-color has-background is-layout-flow wp-block-column-is-layout-flow\">\n\n\n<div class=\"wp-block-group is-vertical is-content-justification-center is-nowrap is-layout-flex wp-container-core-group-is-layout-63bfd6c1 wp-block-group-is-layout-flex\">\n<p class=\"has-text-align-center has-small-font-size\"><strong>Costos Operativos<\/strong><\/p>\n\n\n\n<p class=\"has-text-align-center has-small-font-size\">Evita los costos asociados de mantener funcionando y operando tu infraestructura tecnol\u00f3gica TIC<\/p>\n<\/div>\n<\/div>\n\n\n\n<div class=\"wp-block-column is-layout-flow wp-block-column-is-layout-flow\">\n\n\n<div class=\"wp-block-group is-vertical is-content-justification-center is-nowrap is-layout-flex wp-container-core-group-is-layout-63bfd6c1 wp-block-group-is-layout-flex\">\n<p class=\"has-text-align-center has-small-font-size\"><strong>Costo de Propiedad<\/strong><\/p>\n\n\n\n<p class=\"has-text-align-center has-small-font-size\">Evita los costos asociados a depreciaciones, repotenciaciones, actualizaciones peri\u00f3dicas, mantenimientos preventivos y soporte correctivo.<\/p>\n<\/div>\n<\/div>\n<\/div>\n\n\n\n<div class=\"wp-block-columns alignwide is-layout-flex wp-container-core-columns-is-layout-4935966c wp-block-columns-is-layout-flex\" style=\"padding-right:0;padding-left:0\">\n<div class=\"wp-block-column is-layout-flow wp-block-column-is-layout-flow\">\n\n\n<div class=\"wp-block-group is-vertical is-content-justification-center is-nowrap is-layout-flex wp-container-core-group-is-layout-21d4e958 wp-block-group-is-layout-flex\">\n<p class=\"has-text-align-center has-small-font-size\"><strong>Inversiones<\/strong><\/p>\n\n\n\n<p class=\"has-text-align-center has-small-font-size\">Minimiza las inversiones de capital en activos no productores de renta y de alta obsolencia tecnol\u00f3gica, como los equipos de computo y software.<\/p>\n<\/div>\n<\/div>\n\n\n\n<div class=\"wp-block-column is-layout-flow wp-block-column-is-layout-flow\">\n\n\n<div class=\"wp-block-group is-vertical is-content-justification-center is-nowrap is-layout-flex wp-container-core-group-is-layout-21d4e958 wp-block-group-is-layout-flex\">\n<p class=\"has-text-align-center has-small-font-size\"><strong>Costos Deducibles<\/strong><\/p>\n\n\n\n<p class=\"has-text-align-center has-small-font-size\">El IVA cancelado por el servicio es deducible de impuestos. Al igual que el valor de alquiler va al gasto y, en consecuencia, es deducible de renta en su totalidad<\/p>\n<\/div>\n<\/div>\n<\/div>\n<\/div>\n\n\n\n<div class=\"wp-block-group alignfull is-layout-constrained wp-container-core-group-is-layout-d89aad35 wp-block-group-is-layout-constrained\" style=\"margin-top:0;margin-bottom:0;padding-top:var(--wp--preset--spacing--50);padding-right:var(--wp--preset--spacing--50);padding-bottom:var(--wp--preset--spacing--50);padding-left:var(--wp--preset--spacing--50)\">\n<div class=\"wp-block-columns alignwide are-vertically-aligned-center is-layout-flex wp-container-core-columns-is-layout-47c06fe3 wp-block-columns-is-layout-flex\">\n<div class=\"wp-block-column is-vertically-aligned-center is-layout-flow wp-block-column-is-layout-flow\" style=\"flex-basis:50%\">\n<h2 class=\"wp-block-heading\">Ahorra costes y consigue equipos de \u00faltima generaci\u00f3n con nuestros servicios de alquiler de computadores Cali<\/h2>\n\n\n\n<p class=\"has-text-align-center\">En powertech tecnologia s.a.s ofrecemos una amplia variedad de modelos y marcas disponibles para adaptarse a las necesidades&nbsp;y medidas de cada empresa o persona.<\/p>\n\n\n\n<div class=\"wp-block-buttons is-layout-flex wp-block-buttons-is-layout-flex\">\n<div class=\"wp-block-button\"><a class=\"wp-block-button__link has-background wp-element-button\" style=\"background-color:#24b9d7\">Descargar aplicaci\u00f3n<\/a><\/div>\n\n\n\n<div class=\"wp-block-button is-style-fill\"><a class=\"wp-block-button__link has-background wp-element-button\" style=\"background-color:#24b9d7\">C\u00f3mo funciona<\/a><\/div>\n<\/div>\n<\/div>\n\n\n\n<div class=\"wp-block-column is-vertically-aligned-center is-layout-flow wp-block-column-is-layout-flow\" style=\"flex-basis:50%\">\n<figure class=\"wp-block-image size-full\"><img loading=\"lazy\" decoding=\"async\" width=\"779\" height=\"253\" src=\"https:\/\/powertech.com.co\/Blog\/wp-content\/uploads\/2024\/08\/2d39349f45949b737cfc339913ee1a980870da96_ALQUILER-DE-PORTATILES.jpg\" alt=\"alquiler de computadores\" class=\"wp-image-613\" srcset=\"https:\/\/powertech.com.co\/Blog\/wp-content\/uploads\/2024\/08\/2d39349f45949b737cfc339913ee1a980870da96_ALQUILER-DE-PORTATILES.jpg 779w, https:\/\/powertech.com.co\/Blog\/wp-content\/uploads\/2024\/08\/2d39349f45949b737cfc339913ee1a980870da96_ALQUILER-DE-PORTATILES-300x97.jpg 300w, https:\/\/powertech.com.co\/Blog\/wp-content\/uploads\/2024\/08\/2d39349f45949b737cfc339913ee1a980870da96_ALQUILER-DE-PORTATILES-768x249.jpg 768w\" sizes=\"auto, (max-width: 779px) 100vw, 779px\" \/><\/figure>\n<\/div>\n<\/div>\n<\/div>\n\n\n\n<div class=\"wp-block-group alignfull has-accent-5-background-color has-background is-layout-constrained wp-container-core-group-is-layout-d89aad35 wp-block-group-is-layout-constrained\" style=\"margin-top:0;margin-bottom:0;padding-top:var(--wp--preset--spacing--50);padding-right:var(--wp--preset--spacing--50);padding-bottom:var(--wp--preset--spacing--50);padding-left:var(--wp--preset--spacing--50)\">\n<div class=\"wp-block-group alignwide has-base-2-background-color has-background is-layout-flow wp-block-group-is-layout-flow\" style=\"border-radius:16px;padding-top:var(--wp--preset--spacing--50);padding-right:var(--wp--preset--spacing--50);padding-bottom:var(--wp--preset--spacing--50);padding-left:var(--wp--preset--spacing--50)\"><p>[trustindex no-registration=google]<\/p>\n<\/div>\n<\/div>\n","protected":false},"excerpt":{"rendered":"<p>L\u00edderes en Alquiler de computadores Cali Ofrecemos servicios de&nbsp;alquiler de computadores&nbsp;en Cali con una variedad de dispositivos de escritorio para satisfacer las necesidades tecnol\u00f3gicas actuales de su negocio. Dejando una huella indeleble en el paisaje del ma\u00f1ana. La mejor opci\u00f3n para Alquiler de computadoras Cali con beneficios garantizados Todos nuestros equipos de c\u00f3mputo est\u00e1n respaldados [&hellip;]<\/p>\n","protected":false},"author":1,"featured_media":613,"parent":0,"menu_order":0,"comment_status":"closed","ping_status":"closed","template":"","meta":{"footnotes":""},"class_list":["post-678","page","type-page","status-publish","has-post-thumbnail","hentry"],"blocksy_meta":[],"_links":{"self":[{"href":"https:\/\/powertech.com.co\/Blog\/wp-json\/wp\/v2\/pages\/678","targetHints":{"allow":["GET"]}}],"collection":[{"href":"https:\/\/powertech.com.co\/Blog\/wp-json\/wp\/v2\/pages"}],"about":[{"href":"https:\/\/powertech.com.co\/Blog\/wp-json\/wp\/v2\/types\/page"}],"author":[{"embeddable":true,"href":"https:\/\/powertech.com.co\/Blog\/wp-json\/wp\/v2\/users\/1"}],"replies":[{"embeddable":true,"href":"https:\/\/powertech.com.co\/Blog\/wp-json\/wp\/v2\/comments?post=678"}],"version-history":[{"count":0,"href":"https:\/\/powertech.com.co\/Blog\/wp-json\/wp\/v2\/pages\/678\/revisions"}],"wp:featuredmedia":[{"embeddable":true,"href":"https:\/\/powertech.com.co\/Blog\/wp-json\/wp\/v2\/media\/613"}],"wp:attachment":[{"href":"https:\/\/powertech.com.co\/Blog\/wp-json\/wp\/v2\/media?parent=678"}],"curies":[{"name":"wp","href":"https:\/\/api.w.org\/{rel}","templated":true}]}}